ctors of 95503?
43, 2221
What are the prime factors of 15403?
73, 211
List the prime factors of 7089.
3, 17, 139
List the prime factors of 332.
2, 83
List the prime factors of 1825.
5, 73
What are the prime factors of 3696?
2, 3, 7, 11
List the prime factors of 187.
11, 17
List the prime factors of 9227.
9227
What are the prime factors of 1252?
2, 313
What are the prime factors of 17129?
7, 2447
What are the prime factors of 19448?
2, 11, 13, 17
What are the prime factors of 1068?
2, 3, 89
List the prime factors of 5375.
5, 43
List the prime factors of 425.
5, 17
What are the prime factors of 8950?
2, 5, 179
List the prime factors of 24118.
2, 31, 389
List the prime factors of 6824.
2, 853
List the prime factors of 11016.
2, 3, 17
What are the prime factors of 12510?
2, 3, 5, 139
List the prime factors of 4929.
3, 31, 53
List the prime factors of 110751.
3, 19, 29, 67
What are the prime factors of 4991?
7, 23, 31
List the prime factors of 50110.
2, 5, 5011
List the prime factors of 164800.
2, 5, 103
List the prime factors of 2337.
3, 19, 41
List the prime factors of 303.
3, 101
What are the prime factors of 2726?
2, 29, 47
List the prime factors of 20211.
3, 6737
What are the prime factors of 30634?
2, 17, 53
What are the prime factors of 1840?
2, 5, 23
List the prime factors of 1235.
5, 13, 19
What are the prime factors of 66717?
3, 7, 353
List the prime factors of 39531.
3, 13177
What are the prime factors of 445?
5, 89
What are the prime factors of 1735?
5, 347
What are the prime factors of 2319?
3, 773
What are the prime factors of 11883?
3, 17, 233
What are the prime factors of 3430?
2, 5, 7
What are the prime factors of 54103?
7, 59, 131
List the prime factors of 844.
2, 211
What are the prime factors of 182?
2, 7, 13
List the prime factors of 33849.
3, 3761
List the prime factors of 76553.
37, 2069
List the prime factors of 6982.
2, 3491
List the prime factors of 9149.
7, 1307
What are the prime factors of 8666?
2, 7, 619
What are the prime factors of 3442?
2, 1721
What are the prime factors of 728?
2, 7, 13
What are the prime factors of 28228?
2, 7057
What are the prime factors of 173465?
5, 34693
List the prime factors of 22484.
2, 7, 11, 73
List the prime factors of 172784.
2, 10799
List the prime factors of 2049.
3, 683
List the prime factors of 3741.
3, 29, 43
What are the prime factors of 5873?
7, 839
List the prime factors of 22126.
2, 13, 23, 37
What are the prime factors of 78774?
2, 3, 19, 691
List the prime factors of 2687.
2687
List the prime factors of 11927.
11927
What are the prime factors of 3341?
13, 257
What are the prime factors of 26412?
2, 3, 31, 71
What are the prime factors of 32570?
2, 5, 3257
List the prime factors of 142.
2, 71
What are the prime factors of 79028?
2, 23, 859
What are the prime factors of 15978?
2, 3, 2663
List the prime factors of 81775.
5, 3271
What are the prime factors of 9885?
3, 5, 659
List the prime factors of 20233.
20233
What are the prime factors of 1223?
1223
List the prime factors of 8663.
8663
What are the prime factors of 54933?
3, 18311
What are the prime factors of 1612?
2, 13, 31
What are the prime factors of 1018?
2, 509
List the prime factors of 873.
3, 97
List the prime factors of 933.
3, 311
List the prime factors of 2931.
3, 977
List the prime factors of 82409.
23, 3583
What are the prime factors of 18956?
2, 7, 677
List the prime factors of 1333.
31, 43
List the prime factors of 21992.
2, 2749
List the prime factors of 1166.
2, 11, 53
List the prime factors of 97236.
2, 3, 37, 73
What are the prime factors of 14755?
5, 13, 227
What are the prime factors of 3058?
2, 11, 139
List the prime factors of 17366.
2, 19, 457
List the prime factors of 51530.
2, 5, 5153
List the prime factors of 95495.
5, 71, 269
What are the prime factors of 42711?
3, 23, 619
What are the prime factors of 12117?
3, 7, 577
What are the prime factors of 2356?
2, 19, 31
What are the prime factors of 7489?
7489
What are the prime factors of 2239?
2239
List the prime factors of 23732.
2, 17, 349
List the prime factors of 47500.
2, 5, 19
What are the prime factors of 783?
3, 29
What are the prime factors of 57115?
5, 11423
List the prime factors of 31533.
3, 23, 457
List the prime factors of 6416.
2, 401
What are the prime factors of 12178?
2, 6089
List the prime factors of 859.
859
List the prime factors of 270.
2, 3, 5
What are the prime factors of 15056?
2, 941
List the prime factors of 8576.
2, 67
List the prime factors of 2823.
3, 941
List the prime factors of 96209.
23, 47, 89
What are the prime factors of 43333?
17, 2549
What are the prime factors of 486?
2, 3
List the prime factors of 2716.
2, 7, 97
What are the prime factors of 2893?
11, 263
What are the prime factors of 1391?
13, 107
What are the prime factors of 12966?
2, 3, 2161
What are the prime factors of 5910?
2, 3, 5, 197
What are the prime factors of 2961?
3, 7, 47
What are the prime factors of 37269?
3, 41, 101
List the prime factors of 16982.
2, 7, 1213
List the prime factors of 12726.
2, 3, 7, 101
What are the prime factors of 7166?
2, 3583
List the prime factors of 51365.
5, 10273
What are the prime factors of 8852?
2, 2213
What are the prime factors of 102492?
2, 3, 13, 73
What are the prime factors of 5176?
2, 647
What are the prime factors of 577?
577
List the prime factors of 75595.
5, 13, 1163
List the prime factors of 7270.
2, 5, 727
List the prime factors of 13193.
79, 167
List the prime factors of 2361.
3, 787
What are the prime factors of 113053?
131, 863
List the prime factors of 2700.
2, 3, 5
What are the prime factors of 103485?
3, 5, 6899
List the prime factors of 1101.
3, 367
List the prime factors of 59054.
2, 29527
What are the prime factors of 2649?
3, 883
List the prime factors of 18581.
17, 1093
What are the prime factors of 14629?
14629
List the prime factors of 2996.
2, 7, 107
What are the prime factors of 123245?
5, 157
What are the prime factors of 24?
2, 3
What are the prime factors of 420?
2, 3, 5, 7
List the prime factors of 1547.
7, 13, 17
What are the prime factors of 2835?
3, 5, 7
What are the prime factors of 2056?
2, 257
List the prime factors of 64161.
3, 7129
List the prime factors of 2145.
3, 5, 11, 13
List the prime factors of 54495.
3, 5, 7, 173
What are the prime factors of 29566?
2, 14783
List the prime factors of 1946.
2, 7, 139
List the prime factors of 4356.
2, 3, 11
What are the prime factors of 2290?
2, 5, 229
What are the prime factors of 52548?
2, 3, 29, 151
What are the prime factors of 1534?
2, 13, 59
List the prime factors of 64579.
64579
List the prime factors of 1938.
2, 3, 17, 19
What are the prime factors of 4297?
4297
List the prime factors of 81981.
3, 9109
What are the prime factors of 7484?
2, 1871
What are the prime factors of 705?
3, 5, 47
List the prime factors of 6538.
2, 7, 467
What are the prime factors of 30680?
2, 5, 13, 59
What are the prime factors of 123?
3, 41
List the prime factors of 4166.
2, 2083
What are the prime factors of 3487?
11, 317
What are the prime factors of 789?
3, 263
What are the prime factors of 43423?
173, 251
List the prime factors of 32698.
2, 16349
List the prime factors of 22530.
2, 3, 5, 751
What are the prime factors of 23272?
2, 2909
What are the prime factors of 9481?
19, 499
What are the prime factors of 23479?
53, 443
What are the prime factors of 1609?
1609
What are the prime factors of 3648?
2, 3, 19
List the prime factors of 21432.
2, 3, 19, 47
List the prime factors of 9072.
2, 3, 7
List the prime factors of 5498.
2, 2749
List the prime factors of 805.
5, 7, 23
What are the prime factors of 9324?
2, 3, 7, 37
List the prime factors of 7511.
7, 29, 37
List the prime factors of 159663.
3, 7, 7603
What are the prime factors of 2212?
2, 7, 79
List the prime factors of 330.
2, 3, 5, 11
List the prime factors of 940.
2, 5, 47
List the prime factors of 38462.
2, 19231
What are the prime factors of 16092?
2, 3, 149
What are the prime factors of 2279?
43, 53
What are the prime factors of 18863?
13, 1451
List the prime factors of 24785.
5, 4957
List the prime factors of 33934.
2, 19, 47
List the prime factors of 5613.
3, 1871
List the prime factors of 257.
257
What are the prime factors of 42074?
2, 109, 193
What are the prime factors of 81